{"id":8474,"date":"2025-06-23T16:40:44","date_gmt":"2025-06-23T13:40:44","guid":{"rendered":"https:\/\/www.grandalisa.com\/?page_id=8474"},"modified":"2025-06-23T16:40:52","modified_gmt":"2025-06-23T13:40:52","slug":"yerel-cevrenin-korunmasi-ve-kulturel-miras","status":"publish","type":"page","link":"https:\/\/www.grandalisa.com\/tr\/yerel-cevrenin-korunmasi-ve-kulturel-miras\/","title":{"rendered":"YEREL \u00c7EVREN\u0130N KORUNMASI VE K\u00dcLT\u00dcREL M\u0130RAS"},"content":{"rendered":"<p style=\"text-align: center;\">K\u00fclt\u00fcrel miraslar\u0131m\u0131z\u0131n korunmas\u0131 ve tan\u0131t\u0131m\u0131 i\u00e7in t\u00fcm payda\u015flar\u0131m\u0131za bilgilendirmeler<br \/>\nyap\u0131yoruz.<br \/>\nK\u00fclt\u00fcrel miras s\u00fcrd\u00fcr\u00fclebilir kalk\u0131nmay\u0131 destekler ve \u00e7e\u015fitli payda\u015flara sosyal ve ekonomik<br \/>\nkaynak da olu\u015fturur. S\u00fcrd\u00fcr\u00fclebilir k\u00fclt\u00fcrel miras y\u00f6netimi anlay\u0131\u015f\u0131; hem g\u00fcn\u00fcm\u00fcz toplumu hem<br \/>\nde gelecek nesiller i\u00e7in toplum-\u00e7evre ili\u015fkisi a\u00e7\u0131s\u0131ndan \u00f6nemlidir.<br \/>\nEkonomik olarak k\u00fclt\u00fcrel miras; istihdam sa\u011flayarak turizmin geli\u015fimini destekler, sonu\u00e7<br \/>\nolarak yerel n\u00fcfus i\u00e7in gelir kayna\u011f\u0131 olu\u015fturur. Ayr\u0131ca, sosyal s\u00fcrd\u00fcr\u00fclebilirlik kapsam\u0131nda sosyal<br \/>\nuyum ve yerel topluluk refah\u0131nda olumlu etkiler yarat\u0131r. \u00c7evresel boyutta ise ye\u015fil ekonomiyi ve<br \/>\niklim adaptasyonunu te\u015fvik eder.<br \/>\nK\u00fclt\u00fcrel miras y\u00f6netiminde s\u00fcrd\u00fcr\u00fclebilir koruma; sosyal adalet ve e\u015fitli\u011fi, k\u00fclt\u00fcrel s\u00fcreklili\u011fi,<br \/>\nekonomik kalk\u0131nmay\u0131, t\u00fcm payda\u015flar\u0131 kapsayan kat\u0131l\u0131mc\u0131 ve \u015feffaf prensipleri, k\u00fclt\u00fcrel miras<br \/>\nde\u011ferlerinin korunmas\u0131n\u0131 ve geli\u015ftirilmesini ama\u00e7lamaktad\u0131r. Do\u011fal \u00e7evrenin y\u00f6netimi,<br \/>\nsosyok\u00fclt\u00fcrel ba\u011flam, sosyal entegrasyon, kimlik ve aidiyet ili\u015fkisi, sosyoekonomik ve yerel<br \/>\nkalk\u0131nma, s\u00fcrd\u00fcr\u00fclebilir korumada kaynak olu\u015fturma gibi s\u00fcre\u00e7leri de kapsar.<br \/>\nK\u00fclt\u00fcrel miras\u0131n s\u00fcrd\u00fcr\u00fclebilirli\u011fi k\u00fclt\u00fcrel varl\u0131klar\u0131n koruma, kullanma ve ya\u015fatma dengesini<br \/>\nbaz alan, turizm ve ziyaret\u00e7i y\u00f6netimini planlayan, risk fakt\u00f6rlerini \u00f6nleyen, yerel kalk\u0131nmay\u0131<br \/>\ndestekleyen, miras bilinci olu\u015fturan, ak\u0131lc\u0131 ve b\u00fct\u00fcnc\u00fcl bir planlamaya sahip y\u00f6netim plan\u0131na<br \/>\nba\u011fl\u0131d\u0131r.<br \/>\nK\u00fclt\u00fcrel miras\u0131m\u0131z\u0131 t\u00fcm misafirlerimize tan\u0131tabilmek i\u00e7in, web sitemiz, info kanallar\u0131 ve misafir<br \/>\nili\u015fkileri yollar\u0131yla yerel tan\u0131t\u0131mlar yapmaktay\u0131z. B\u00f6lgede k\u00fclt\u00fcrel zenginli\u011fi ve yerel \u00fcreticileri<br \/>\ndestekleriz, yerel ekonomiye katk\u0131 sa\u011flar\u0131z. Misafirlere b\u00f6lgenin yemek, aktivite, k\u00fclt\u00fcr,<br \/>\ngeleneklerinin tan\u0131t\u0131lmas\u0131na destek veririz.<\/p>\n","protected":false},"excerpt":{"rendered":"<p>K\u00fclt\u00fcrel miraslar\u0131m\u0131z\u0131n korunmas\u0131 ve tan\u0131t\u0131m\u0131 i\u00e7in t\u00fcm payda\u015flar\u0131m\u0131za bilgilendirmeler yap\u0131yoruz. K\u00fclt\u00fcrel miras s\u00fcrd\u00fcr\u00fclebilir kalk\u0131nmay\u0131 destekler ve \u00e7e\u015fitli payda\u015flara sosyal ve<\/p>\n","protected":false},"author":1,"featured_media":0,"parent":0,"menu_order":0,"comment_status":"closed","ping_status":"closed","template":"","meta":{"footnotes":""},"class_list":["post-8474","page","type-page","status-publish","hentry"],"yoast_head":"<!-- This site is optimized with the Yoast SEO plugin v27.5 - https:\/\/yoast.com\/product\/yoast-seo-wordpress\/ -->\n<title>YEREL \u00c7EVREN\u0130N KORUNMASI VE K\u00dcLT\u00dcREL M\u0130RAS - Grand Alisa Hotel Alanya<\/title>\n<meta name=\"robots\" content=\"index, follow, max-snippet:-1, max-image-preview:large, max-video-preview:-1\" \/>\n<link rel=\"canonical\" href=\"https:\/\/www.grandalisa.com\/tr\/yerel-cevrenin-korunmasi-ve-kulturel-miras\/\" \/>\n<meta property=\"og:locale\" content=\"tr_TR\" \/>\n<meta property=\"og:type\" content=\"article\" \/>\n<meta property=\"og:title\" content=\"YEREL \u00c7EVREN\u0130N KORUNMASI VE K\u00dcLT\u00dcREL M\u0130RAS - Grand Alisa Hotel Alanya\" \/>\n<meta property=\"og:description\" content=\"K\u00fclt\u00fcrel miraslar\u0131m\u0131z\u0131n korunmas\u0131 ve tan\u0131t\u0131m\u0131 i\u00e7in t\u00fcm payda\u015flar\u0131m\u0131za bilgilendirmeler yap\u0131yoruz. K\u00fclt\u00fcrel miras s\u00fcrd\u00fcr\u00fclebilir kalk\u0131nmay\u0131 destekler ve \u00e7e\u015fitli payda\u015flara sosyal ve\" \/>\n<meta property=\"og:url\" content=\"https:\/\/www.grandalisa.com\/tr\/yerel-cevrenin-korunmasi-ve-kulturel-miras\/\" \/>\n<meta property=\"og:site_name\" content=\"Grand Alisa Hotel Alanya\" \/>\n<meta property=\"article:modified_time\" content=\"2025-06-23T13:40:52+00:00\" \/>\n<meta name=\"twitter:card\" content=\"summary_large_image\" \/>\n<meta name=\"twitter:label1\" content=\"Tahmini okuma s\u00fcresi\" \/>\n\t<meta name=\"twitter:data1\" content=\"2 dakika\" \/>\n<script type=\"application\/ld+json\" class=\"yoast-schema-graph\">{\"@context\":\"https:\\\/\\\/schema.org\",\"@graph\":[{\"@type\":\"WebPage\",\"@id\":\"https:\\\/\\\/www.grandalisa.com\\\/tr\\\/yerel-cevrenin-korunmasi-ve-kulturel-miras\\\/\",\"url\":\"https:\\\/\\\/www.grandalisa.com\\\/tr\\\/yerel-cevrenin-korunmasi-ve-kulturel-miras\\\/\",\"name\":\"YEREL \u00c7EVREN\u0130N KORUNMASI VE K\u00dcLT\u00dcREL M\u0130RAS - Grand Alisa Hotel Alanya\",\"isPartOf\":{\"@id\":\"https:\\\/\\\/www.grandalisa.com\\\/#website\"},\"datePublished\":\"2025-06-23T13:40:44+00:00\",\"dateModified\":\"2025-06-23T13:40:52+00:00\",\"breadcrumb\":{\"@id\":\"https:\\\/\\\/www.grandalisa.com\\\/tr\\\/yerel-cevrenin-korunmasi-ve-kulturel-miras\\\/#breadcrumb\"},\"inLanguage\":\"tr\",\"potentialAction\":[{\"@type\":\"ReadAction\",\"target\":[\"https:\\\/\\\/www.grandalisa.com\\\/tr\\\/yerel-cevrenin-korunmasi-ve-kulturel-miras\\\/\"]}]},{\"@type\":\"BreadcrumbList\",\"@id\":\"https:\\\/\\\/www.grandalisa.com\\\/tr\\\/yerel-cevrenin-korunmasi-ve-kulturel-miras\\\/#breadcrumb\",\"itemListElement\":[{\"@type\":\"ListItem\",\"position\":1,\"name\":\"Home\",\"item\":\"https:\\\/\\\/www.grandalisa.com\\\/\"},{\"@type\":\"ListItem\",\"position\":2,\"name\":\"YEREL \u00c7EVREN\u0130N KORUNMASI VE K\u00dcLT\u00dcREL M\u0130RAS\"}]},{\"@type\":\"WebSite\",\"@id\":\"https:\\\/\\\/www.grandalisa.com\\\/#website\",\"url\":\"https:\\\/\\\/www.grandalisa.com\\\/\",\"name\":\"Grand Alisa Hotel Alanya\",\"description\":\"Stay Healthy! -  Alanya, Turkey\",\"potentialAction\":[{\"@type\":\"SearchAction\",\"target\":{\"@type\":\"EntryPoint\",\"urlTemplate\":\"https:\\\/\\\/www.grandalisa.com\\\/?s={search_term_string}\"},\"query-input\":{\"@type\":\"PropertyValueSpecification\",\"valueRequired\":true,\"valueName\":\"search_term_string\"}}],\"inLanguage\":\"tr\"}]}<\/script>\n<!-- \/ Yoast SEO plugin. -->","yoast_head_json":{"title":"YEREL \u00c7EVREN\u0130N KORUNMASI VE K\u00dcLT\u00dcREL M\u0130RAS - Grand Alisa Hotel Alanya","robots":{"index":"index","follow":"follow","max-snippet":"max-snippet:-1","max-image-preview":"max-image-preview:large","max-video-preview":"max-video-preview:-1"},"canonical":"https:\/\/www.grandalisa.com\/tr\/yerel-cevrenin-korunmasi-ve-kulturel-miras\/","og_locale":"tr_TR","og_type":"article","og_title":"YEREL \u00c7EVREN\u0130N KORUNMASI VE K\u00dcLT\u00dcREL M\u0130RAS - Grand Alisa Hotel Alanya","og_description":"K\u00fclt\u00fcrel miraslar\u0131m\u0131z\u0131n korunmas\u0131 ve tan\u0131t\u0131m\u0131 i\u00e7in t\u00fcm payda\u015flar\u0131m\u0131za bilgilendirmeler yap\u0131yoruz. K\u00fclt\u00fcrel miras s\u00fcrd\u00fcr\u00fclebilir kalk\u0131nmay\u0131 destekler ve \u00e7e\u015fitli payda\u015flara sosyal ve","og_url":"https:\/\/www.grandalisa.com\/tr\/yerel-cevrenin-korunmasi-ve-kulturel-miras\/","og_site_name":"Grand Alisa Hotel Alanya","article_modified_time":"2025-06-23T13:40:52+00:00","twitter_card":"summary_large_image","twitter_misc":{"Tahmini okuma s\u00fcresi":"2 dakika"},"schema":{"@context":"https:\/\/schema.org","@graph":[{"@type":"WebPage","@id":"https:\/\/www.grandalisa.com\/tr\/yerel-cevrenin-korunmasi-ve-kulturel-miras\/","url":"https:\/\/www.grandalisa.com\/tr\/yerel-cevrenin-korunmasi-ve-kulturel-miras\/","name":"YEREL \u00c7EVREN\u0130N KORUNMASI VE K\u00dcLT\u00dcREL M\u0130RAS - Grand Alisa Hotel Alanya","isPartOf":{"@id":"https:\/\/www.grandalisa.com\/#website"},"datePublished":"2025-06-23T13:40:44+00:00","dateModified":"2025-06-23T13:40:52+00:00","breadcrumb":{"@id":"https:\/\/www.grandalisa.com\/tr\/yerel-cevrenin-korunmasi-ve-kulturel-miras\/#breadcrumb"},"inLanguage":"tr","potentialAction":[{"@type":"ReadAction","target":["https:\/\/www.grandalisa.com\/tr\/yerel-cevrenin-korunmasi-ve-kulturel-miras\/"]}]},{"@type":"BreadcrumbList","@id":"https:\/\/www.grandalisa.com\/tr\/yerel-cevrenin-korunmasi-ve-kulturel-miras\/#breadcrumb","itemListElement":[{"@type":"ListItem","position":1,"name":"Home","item":"https:\/\/www.grandalisa.com\/"},{"@type":"ListItem","position":2,"name":"YEREL \u00c7EVREN\u0130N KORUNMASI VE K\u00dcLT\u00dcREL M\u0130RAS"}]},{"@type":"WebSite","@id":"https:\/\/www.grandalisa.com\/#website","url":"https:\/\/www.grandalisa.com\/","name":"Grand Alisa Hotel Alanya","description":"Stay Healthy! -  Alanya, Turkey","potentialAction":[{"@type":"SearchAction","target":{"@type":"EntryPoint","urlTemplate":"https:\/\/www.grandalisa.com\/?s={search_term_string}"},"query-input":{"@type":"PropertyValueSpecification","valueRequired":true,"valueName":"search_term_string"}}],"inLanguage":"tr"}]}},"_links":{"self":[{"href":"https:\/\/www.grandalisa.com\/tr\/wp-json\/wp\/v2\/pages\/8474","targetHints":{"allow":["GET"]}}],"collection":[{"href":"https:\/\/www.grandalisa.com\/tr\/wp-json\/wp\/v2\/pages"}],"about":[{"href":"https:\/\/www.grandalisa.com\/tr\/wp-json\/wp\/v2\/types\/page"}],"author":[{"embeddable":true,"href":"https:\/\/www.grandalisa.com\/tr\/wp-json\/wp\/v2\/users\/1"}],"replies":[{"embeddable":true,"href":"https:\/\/www.grandalisa.com\/tr\/wp-json\/wp\/v2\/comments?post=8474"}],"version-history":[{"count":1,"href":"https:\/\/www.grandalisa.com\/tr\/wp-json\/wp\/v2\/pages\/8474\/revisions"}],"predecessor-version":[{"id":8476,"href":"https:\/\/www.grandalisa.com\/tr\/wp-json\/wp\/v2\/pages\/8474\/revisions\/8476"}],"wp:attachment":[{"href":"https:\/\/www.grandalisa.com\/tr\/wp-json\/wp\/v2\/media?parent=8474"}],"curies":[{"name":"wp","href":"https:\/\/api.w.org\/{rel}","templated":true}]}}

YEREL ÇEVRENİN KORUNMASI VE KÜLTÜREL MİRAS

<p style="text-align: center;">Kültürel miraslarımızın korunması ve tanıtımı için tüm paydaşlarımıza bilgilendirmeler<br />
yapıyoruz.<br />
Kültürel miras sürdürülebilir kalkınmayı destekler ve çeşitli paydaşlara sosyal ve ekonomik<br />
kaynak da oluşturur. Sürdürülebilir kültürel miras yönetimi anlayışı; hem günümüz toplumu hem<br />
de gelecek nesiller için toplum-çevre ilişkisi açısından önemlidir.<br />
Ekonomik olarak kültürel miras; istihdam sağlayarak turizmin gelişimini destekler, sonuç<br />
olarak yerel nüfus için gelir kaynağı oluşturur. Ayrıca, sosyal sürdürülebilirlik kapsamında sosyal<br />
uyum ve yerel topluluk refahında olumlu etkiler yaratır. Çevresel boyutta ise yeşil ekonomiyi ve<br />
iklim adaptasyonunu teşvik eder.<br />
Kültürel miras yönetiminde sürdürülebilir koruma; sosyal adalet ve eşitliği, kültürel sürekliliği,<br />
ekonomik kalkınmayı, tüm paydaşları kapsayan katılımcı ve şeffaf prensipleri, kültürel miras<br />
değerlerinin korunmasını ve geliştirilmesini amaçlamaktadır. Doğal çevrenin yönetimi,<br />
sosyokültürel bağlam, sosyal entegrasyon, kimlik ve aidiyet ilişkisi, sosyoekonomik ve yerel<br />
kalkınma, sürdürülebilir korumada kaynak oluşturma gibi süreçleri de kapsar.<br />
Kültürel mirasın sürdürülebilirliği kültürel varlıkların koruma, kullanma ve yaşatma dengesini<br />
baz alan, turizm ve ziyaretçi yönetimini planlayan, risk faktörlerini önleyen, yerel kalkınmayı<br />
destekleyen, miras bilinci oluşturan, akılcı ve bütüncül bir planlamaya sahip yönetim planına<br />
bağlıdır.<br />
Kültürel mirasımızı tüm misafirlerimize tanıtabilmek için, web sitemiz, info kanalları ve misafir<br />
ilişkileri yollarıyla yerel tanıtımlar yapmaktayız. Bölgede kültürel zenginliği ve yerel üreticileri<br />
destekleriz, yerel ekonomiye katkı sağlarız. Misafirlere bölgenin yemek, aktivite, kültür,<br />
geleneklerinin tanıtılmasına destek veririz.</p>

<p>Kültürel miraslarımızın korunması ve tanıtımı için tüm paydaşlarımıza bilgilendirmeler yapıyoruz. Kültürel miras sürdürülebilir kalkınmayı destekler ve çeşitli paydaşlara sosyal ve</p>

<!-- This site is optimized with the Yoast SEO plugin v27.5 - https://yoast.com/product/yoast-seo-wordpress/ -->
<title>YEREL ÇEVRENİN KORUNMASI VE KÜLTÜREL MİRAS - Grand Alisa Hotel Alanya</title>
<meta name="robots" content="index, follow, max-snippet:-1, max-image-preview:large, max-video-preview:-1" />
<link rel="canonical" href="https://www.grandalisa.com/tr/yerel-cevrenin-korunmasi-ve-kulturel-miras/" />
<meta property="og:locale" content="tr_TR" />
<meta property="og:type" content="article" />
<meta property="og:title" content="YEREL ÇEVRENİN KORUNMASI VE KÜLTÜREL MİRAS - Grand Alisa Hotel Alanya" />
<meta property="og:description" content="Kültürel miraslarımızın korunması ve tanıtımı için tüm paydaşlarımıza bilgilendirmeler yapıyoruz. Kültürel miras sürdürülebilir kalkınmayı destekler ve çeşitli paydaşlara sosyal ve" />
<meta property="og:url" content="https://www.grandalisa.com/tr/yerel-cevrenin-korunmasi-ve-kulturel-miras/" />
<meta property="og:site_name" content="Grand Alisa Hotel Alanya" />
<meta property="article:modified_time" content="2025-06-23T13:40:52+00:00" />
<meta name="twitter:card" content="summary_large_image" />
<meta name="twitter:label1" content="Tahmini okuma süresi" />
	<meta name="twitter:data1" content="2 dakika" />
<script type="application/ld+json" class="yoast-schema-graph">{"@context":"https:\/\/schema.org","@graph":[{"@type":"WebPage","@id":"https:\/\/www.grandalisa.com\/tr\/yerel-cevrenin-korunmasi-ve-kulturel-miras\/","url":"https:\/\/www.grandalisa.com\/tr\/yerel-cevrenin-korunmasi-ve-kulturel-miras\/","name":"YEREL ÇEVRENİN KORUNMASI VE KÜLTÜREL MİRAS - Grand Alisa Hotel Alanya","isPartOf":{"@id":"https:\/\/www.grandalisa.com\/#website"},"datePublished":"2025-06-23T13:40:44+00:00","dateModified":"2025-06-23T13:40:52+00:00","breadcrumb":{"@id":"https:\/\/www.grandalisa.com\/tr\/yerel-cevrenin-korunmasi-ve-kulturel-miras\/#breadcrumb"},"inLanguage":"tr","potentialAction":[{"@type":"ReadAction","target":["https:\/\/www.grandalisa.com\/tr\/yerel-cevrenin-korunmasi-ve-kulturel-miras\/"]}]},{"@type":"BreadcrumbList","@id":"https:\/\/www.grandalisa.com\/tr\/yerel-cevrenin-korunmasi-ve-kulturel-miras\/#breadcrumb","itemListElement":[{"@type":"ListItem","position":1,"name":"Home","item":"https:\/\/www.grandalisa.com\/"},{"@type":"ListItem","position":2,"name":"YEREL ÇEVRENİN KORUNMASI VE KÜLTÜREL MİRAS"}]},{"@type":"WebSite","@id":"https:\/\/www.grandalisa.com\/#website","url":"https:\/\/www.grandalisa.com\/","name":"Grand Alisa Hotel Alanya","description":"Stay Healthy! -  Alanya, Turkey","potentialAction":[{"@type":"SearchAction","target":{"@type":"EntryPoint","urlTemplate":"https:\/\/www.grandalisa.com\/?s={search_term_string}"},"query-input":{"@type":"PropertyValueSpecification","valueRequired":true,"valueName":"search_term_string"}}],"inLanguage":"tr"}]}</script>
<!-- / Yoast SEO plugin. -->

YEREL ÇEVRENİN KORUNMASI VE KÜLTÜREL MİRAS - Grand Alisa Hotel Alanya

Kültürel miraslarımızın korunması ve tanıtımı için tüm paydaşlarımıza bilgilendirmeler yapıyoruz. Kültürel miras sürdürülebilir kalkınmayı destekler ve çeşitli paydaşlara sosyal ve
